{"id":2171,"date":"2024-03-08T17:16:52","date_gmt":"2024-03-08T16:16:52","guid":{"rendered":"https:\/\/ehpadcentrecreusecombraille.fr\/ssiad-ajain\/?page_id=2171"},"modified":"2025-09-25T11:58:50","modified_gmt":"2025-09-25T09:58:50","slug":"mentions-legales","status":"publish","type":"page","link":"https:\/\/ehpadcentrecreusecombraille.fr\/ssiad-ajain\/mentions-legales\/","title":{"rendered":"Mentions l\u00e9gales"},"content":{"rendered":"\n<div class=\"wp-block-uagb-container uagb-block-93b94c88 alignfull uagb-is-root-container\"><div class=\"uagb-container-inner-blocks-wrap\">\n<div class=\"wp-block-uagb-advanced-heading uagb-block-392a41cb\"><h1 class=\"uagb-heading-text\">Mentions l\u00e9gales<\/h1><\/div>\n<\/div><\/div>\n\n\n\n<div class=\"wp-block-group has-ast-global-color-4-background-color has-background is-layout-constrained wp-block-group-is-layout-constrained\">\n<div class=\"wp-block-uagb-advanced-heading uagb-block-f3dda12a\"><h2 class=\"uagb-heading-text\">Centre d\u00e9partemental d&rsquo;accueil de soins et d&rsquo;h\u00e9bergement pour personnes \u00e2g\u00e9es d\u00e9pendantes Les Signolles  &#8211; Service de Soins Infirmiers \u00e0 Domicile<\/h2><\/div>\n\n\n\n<p>1 Rue du S\u00e9minaire &#8211; 23380 Ajain<br><strong>Contact : <\/strong>05 55 80 95 00<br><strong>Fax : <\/strong>05 55 81 89 97<br><strong>SIREN :<\/strong> 262300205<br><strong><strong>Num\u00e9ro SIRET :<\/strong> <\/strong>262 300 205 000 32<\/p>\n\n\n\n<div class=\"wp-block-uagb-advanced-heading uagb-block-e413eb7f\"><h2 class=\"uagb-heading-text\">Autorit\u00e9s d\u2019autorisation\/de contr\u00f4le\/financement de l\u2019\u00e9tablissement<\/h2><\/div>\n\n\n\n<div class=\"wp-block-columns alignwide is-layout-flex wp-container-core-columns-is-layout-d2da2050 wp-block-columns-is-layout-flex\" style=\"margin-bottom:0\">\n<div class=\"wp-block-column has-ast-global-color-5-background-color has-text-color has-background has-link-color wp-elements-43c49f97d0cbec51f3abb8d2d7a956ea is-layout-flow wp-block-column-is-layout-flow\" style=\"color:#000000;padding-top:2em;padding-right:2em;padding-bottom:2em;padding-left:2em\">\n<p class=\"has-normal-font-size\" style=\"line-height:1.5\"><strong>Agence R\u00e9gionale de Sant\u00e9 Nouvelle-Aquitaine<\/strong><br>103 bis rue Belleville \u2013 CS 91704 \u2013 33063 Bordeaux Cedex<br><strong>Standard<\/strong>&nbsp;: 09 69 37 00 33<br><strong>Courriel<\/strong>&nbsp;:&nbsp;<a href=\"mailto:ars-na-contact&#64;ar&#115;&#46;&#115;&#97;&#110;&#116;&#101;&#46;&#102;&#114;?subject=ARS%20Nouvelle-Aquitaine%20-%20Contacts\">&#97;&#x72;s&#x2d;&#x6e;&#97;&#x2d;c&#111;&#x6e;&#116;&#x61;c&#116;&#x40;a&#x72;s&#46;&#x73;a&#x6e;&#x74;&#101;&#x2e;f&#114;<\/a><br><strong>Site internet<\/strong>&nbsp;:&nbsp;<a href=\"http:\/\/www.ars.nouvelle-aquitaine.fr\/\" target=\"_blank\" rel=\"noreferrer noopener\">www.nouvelle-aquitaine.ars.sante.fr<\/a><\/p>\n<\/div>\n\n\n\n<div class=\"wp-block-column has-ast-global-color-5-background-color has-text-color has-background has-link-color wp-elements-b1d9259ddac096dce3b7b26818c88bb9 is-layout-flow wp-block-column-is-layout-flow\" style=\"color:#000000;padding-top:2em;padding-right:2em;padding-bottom:2em;padding-left:2em\">\n<p class=\"has-normal-font-size\" style=\"line-height:1.5\"><strong>Conseil D\u00e9partemental de la Creuse<\/strong><br><a href=\"https:\/\/www.bing.com\/ck\/a?!&amp;&amp;p=2ee62712653706561c0f9405ef2f3b82b0b2cc8ccba309352e13ed523a943e76JmltdHM9MTc1NzAzMDQwMA&amp;ptn=3&amp;ver=2&amp;hsh=4&amp;fclid=28544b9d-103d-6fd7-2626-5e4a11896ece&amp;u=a1L21hcHM_Jm1lcGk9MTA5fn5Ub3BPZlBhZ2V-QWRkcmVzc19MaW5rJnR5PTE4JnE9Q29uc2VpbCUyMEQlQzMlQTlwYXJ0ZW1lbnRhbCUyMGRlJTIwbGElMjBDcmV1c2Umc3M9eXBpZC5ZTjIwMDB4OTg3MTA4MDU5MDQ1NjUzOTEzNyZwcG9pcz00Ni4xNjg4OTk1MzYxMzI4MV8xLjg2ODM5OTk3NzY4NDAyMV9Db25zZWlsJTIwRCVDMyVBOXBhcnRlbWVudGFsJTIwZGUlMjBsYSUyMENyZXVzZV9ZTjIwMDB4OTg3MTA4MDU5MDQ1NjUzOTEzN34mY3A9NDYuMTY4OX4xLjg2ODQmdj0yJnNWPTEmRk9STT1NUFNSUEw&amp;ntb=1\" target=\"_blank\" rel=\"noreferrer noopener\">H\u00f4tel du D\u00e9partement<\/a><br><a href=\"https:\/\/www.bing.com\/ck\/a?!&amp;&amp;p=2ee62712653706561c0f9405ef2f3b82b0b2cc8ccba309352e13ed523a943e76JmltdHM9MTc1NzAzMDQwMA&amp;ptn=3&amp;ver=2&amp;hsh=4&amp;fclid=28544b9d-103d-6fd7-2626-5e4a11896ece&amp;u=a1L21hcHM_Jm1lcGk9MTA5fn5Ub3BPZlBhZ2V-QWRkcmVzc19MaW5rJnR5PTE4JnE9Q29uc2VpbCUyMEQlQzMlQTlwYXJ0ZW1lbnRhbCUyMGRlJTIwbGElMjBDcmV1c2Umc3M9eXBpZC5ZTjIwMDB4OTg3MTA4MDU5MDQ1NjUzOTEzNyZwcG9pcz00Ni4xNjg4OTk1MzYxMzI4MV8xLjg2ODM5OTk3NzY4NDAyMV9Db25zZWlsJTIwRCVDMyVBOXBhcnRlbWVudGFsJTIwZGUlMjBsYSUyMENyZXVzZV9ZTjIwMDB4OTg3MTA4MDU5MDQ1NjUzOTEzN34mY3A9NDYuMTY4OX4xLjg2ODQmdj0yJnNWPTEmRk9STT1NUFNSUEw&amp;ntb=1\" target=\"_blank\" rel=\"noreferrer noopener\">4 pl Louis Lacrocq, 23000 Gu\u00e9ret<\/a><br>Standard : <a href=\"tel:0544302323\">05 44 30 23 23<\/a><br><strong>Site internet<\/strong>&nbsp;:&nbsp;<a href=\"http:\/\/www.creuse.fr\">www.creuse.fr<\/a><\/p>\n<\/div>\n<\/div>\n\n\n\n<div class=\"wp-block-uagb-advanced-heading uagb-block-45265295\"><h2 class=\"uagb-heading-text\">Avis de situation Insee<\/h2><\/div>\n\n\n\n<div class=\"wp-block-file\"><a id=\"wp-block-file--media-41e778ed-fd60-4c42-b1a2-dd7ddd963a88\" href=\"https:\/\/ehpadcentrecreusecombraille.fr\/ssiad-ajain\/wp-content\/uploads\/sites\/5\/2025\/09\/SSIAD_Avis-de-situation-Insee.pdf\" target=\"_blank\" rel=\"noreferrer noopener\">SSIAD_Avis de situation Insee<\/a><a href=\"https:\/\/ehpadcentrecreusecombraille.fr\/ssiad-ajain\/wp-content\/uploads\/sites\/5\/2025\/09\/SSIAD_Avis-de-situation-Insee.pdf\" class=\"wp-block-file__button wp-element-button\" download aria-describedby=\"wp-block-file--media-41e778ed-fd60-4c42-b1a2-dd7ddd963a88\">T\u00e9l\u00e9charger<\/a><\/div>\n\n\n\n<div class=\"wp-block-uagb-advanced-heading uagb-block-b3cb480b\"><h2 class=\"uagb-heading-text\">Responsable de publication<\/h2><\/div>\n\n\n\n<p><strong>Fr\u00e9d\u00e9ric DESCHAMP<\/strong><\/p>\n\n\n\n<div class=\"wp-block-uagb-advanced-heading uagb-block-85d470e4\"><h2 class=\"uagb-heading-text\">Coordonn\u00e9es de l\u2019\u00e9diteur<\/h2><\/div>\n\n\n\n<p>1 Rue du S\u00e9minaire<br>23380 Ajain<\/p>\n\n\n\n<div class=\"wp-block-uagb-advanced-heading uagb-block-ff63165c\"><h2 class=\"uagb-heading-text\">H\u00e9bergement<\/h2><\/div>\n\n\n\n<p><strong>o2switch<\/strong><br>Siret : 510 909 807 00032<br>RCS Clermont Ferrand<br>SAS au capital de 100 000\u20ac<br>Op\u00e9rateur T\u00e9l\u00e9com d\u00e9clar\u00e9 ARCEP<br>09\/2989 \u2013 AS50474<\/p>\n\n\n\n<div class=\"wp-block-uagb-advanced-heading uagb-block-93677064\"><h2 class=\"uagb-heading-text\">Site internet sur mesure cr\u00e9\u00e9, mis \u00e0 jour par<\/h2><\/div>\n\n\n\n<p>Le Maillon \/ <a href=\"https:\/\/lemaillondigital.com\" target=\"_blank\" rel=\"noreferrer noopener\">lemaillondigital.com<\/a><\/p>\n\n\n\n<div class=\"wp-block-uagb-advanced-heading uagb-block-a31f11be\"><h2 class=\"uagb-heading-text\">Propri\u00e9t\u00e9<\/h2><\/div>\n\n\n\n<p>La structure g\u00e9n\u00e9rale, ainsi que les textes, images anim\u00e9es ou fixes, sons, dessins, graphismes et tous autres \u00e9l\u00e9ments composant le site sont de l\u2019utilisation exclusive de l\u2019\u00e9diteur. Toute repr\u00e9sentation totale ou partielle de ce site, par quelques proc\u00e9d\u00e9s que ce soient, sans autorisation expresse de l\u2019\u00e9diteur, est interdite et constituerait une contrefa\u00e7on sanctionn\u00e9e par les articles L335-2 et suivants du Code de la propri\u00e9t\u00e9 intellectuelle. Les liens hypertextes mis en place dans le cadre du pr\u00e9sent site internet en direction d\u2019autres ressources pr\u00e9sentes sur le r\u00e9seau internet, ne sauraient engager la responsabilit\u00e9 de l\u2019\u00e9diteur.<\/p>\n\n\n\n<div class=\"wp-block-uagb-advanced-heading uagb-block-89ebb466\"><h2 class=\"uagb-heading-text\">Loi applicable<\/h2><\/div>\n\n\n\n<p>L\u2019usage de ce site web est r\u00e9gi par la loi fran\u00e7aise \u00e0 l\u2019exception de toute autre l\u00e9gislation.<\/p>\n<\/div>\n","protected":false},"excerpt":{"rendered":"<p>Mentions l\u00e9gales Centre d\u00e9partemental d&rsquo;accueil de soins et d&rsquo;h\u00e9bergement pour personnes \u00e2g\u00e9es d\u00e9pendantes Les Signolles &#8211; Service de Soins Infirmiers \u00e0 Domicile 1 Rue du S\u00e9minaire &#8211; 23380 AjainContact : 05 55 80 95 00Fax : 05 55 81 89 97SIREN : 262300205Num\u00e9ro SIRET : 262 300 205 000 32 Autorit\u00e9s d\u2019autorisation\/de contr\u00f4le\/financement de l\u2019\u00e9tablissement [&hellip;]<\/p>\n","protected":false},"author":1,"featured_media":0,"parent":0,"menu_order":0,"comment_status":"closed","ping_status":"closed","template":"","meta":{"_uag_custom_page_level_css":"","site-sidebar-layout":"no-sidebar","site-content-layout":"page-builder","ast-site-content-layout":"full-width-container","site-content-style":"unboxed","site-sidebar-style":"unboxed","ast-global-header-display":"","ast-banner-title-visibility":"","ast-main-header-display":"","ast-hfb-above-header-display":"","ast-hfb-below-header-display":"","ast-hfb-mobile-header-display":"","site-post-title":"disabled","ast-breadcrumbs-content":"","ast-featured-img":"disabled","footer-sml-layout":"","ast-disable-related-posts":"","theme-transparent-header-meta":"enabled","adv-header-id-meta":"","stick-header-meta":"","header-above-stick-meta":"","header-main-stick-meta":"","header-below-stick-meta":"","astra-migrate-meta-layouts":"set","ast-page-background-enabled":"default","ast-page-background-meta":{"desktop":{"background-color":"var(--ast-global-color-4)","background-image":"","background-repeat":"repeat","background-position":"center center","background-size":"auto","background-attachment":"scroll","background-type":"","background-media":"","overlay-type":"","overlay-color":"","overlay-opacity":"","overlay-gradient":""},"tablet":{"background-color":"","background-image":"","background-repeat":"repeat","background-position":"center center","background-size":"auto","background-attachment":"scroll","background-type":"","background-media":"","overlay-type":"","overlay-color":"","overlay-opacity":"","overlay-gradient":""},"mobile":{"background-color":"","background-image":"","background-repeat":"repeat","background-position":"center center","background-size":"auto","background-attachment":"scroll","background-type":"","background-media":"","overlay-type":"","overlay-color":"","overlay-opacity":"","overlay-gradient":""}},"ast-content-background-meta":{"desktop":{"background-color":"var(--ast-global-color-5)","background-image":"","background-repeat":"repeat","background-position":"center center","background-size":"auto","background-attachment":"scroll","background-type":"","background-media":"","overlay-type":"","overlay-color":"","overlay-opacity":"","overlay-gradient":""},"tablet":{"background-color":"var(--ast-global-color-5)","background-image":"","background-repeat":"repeat","background-position":"center center","background-size":"auto","background-attachment":"scroll","background-type":"","background-media":"","overlay-type":"","overlay-color":"","overlay-opacity":"","overlay-gradient":""},"mobile":{"background-color":"var(--ast-global-color-5)","background-image":"","background-repeat":"repeat","background-position":"center center","background-size":"auto","background-attachment":"scroll","background-type":"","background-media":"","overlay-type":"","overlay-color":"","overlay-opacity":"","overlay-gradient":""}},"footnotes":""},"class_list":["post-2171","page","type-page","status-publish","hentry"],"uagb_featured_image_src":{"full":false,"thumbnail":false,"medium":false,"medium_large":false,"large":false,"1536x1536":false,"2048x2048":false},"uagb_author_info":{"display_name":"Le Maillon","author_link":"https:\/\/ehpadcentrecreusecombraille.fr\/ssiad-ajain\/author\/le-maillon\/"},"uagb_comment_info":0,"uagb_excerpt":"Mentions l\u00e9gales Centre d\u00e9partemental d&rsquo;accueil de soins et d&rsquo;h\u00e9bergement pour personnes \u00e2g\u00e9es d\u00e9pendantes Les Signolles &#8211; Service de Soins Infirmiers \u00e0 Domicile 1 Rue du S\u00e9minaire &#8211; 23380 AjainContact : 05 55 80 95 00Fax : 05 55 81 89 97SIREN : 262300205Num\u00e9ro SIRET : 262 300 205 000 32 Autorit\u00e9s d\u2019autorisation\/de contr\u00f4le\/financement de l\u2019\u00e9tablissement\u2026","_links":{"self":[{"href":"https:\/\/ehpadcentrecreusecombraille.fr\/ssiad-ajain\/wp-json\/wp\/v2\/pages\/2171","targetHints":{"allow":["GET"]}}],"collection":[{"href":"https:\/\/ehpadcentrecreusecombraille.fr\/ssiad-ajain\/wp-json\/wp\/v2\/pages"}],"about":[{"href":"https:\/\/ehpadcentrecreusecombraille.fr\/ssiad-ajain\/wp-json\/wp\/v2\/types\/page"}],"author":[{"embeddable":true,"href":"https:\/\/ehpadcentrecreusecombraille.fr\/ssiad-ajain\/wp-json\/wp\/v2\/users\/1"}],"replies":[{"embeddable":true,"href":"https:\/\/ehpadcentrecreusecombraille.fr\/ssiad-ajain\/wp-json\/wp\/v2\/comments?post=2171"}],"version-history":[{"count":5,"href":"https:\/\/ehpadcentrecreusecombraille.fr\/ssiad-ajain\/wp-json\/wp\/v2\/pages\/2171\/revisions"}],"predecessor-version":[{"id":2339,"href":"https:\/\/ehpadcentrecreusecombraille.fr\/ssiad-ajain\/wp-json\/wp\/v2\/pages\/2171\/revisions\/2339"}],"wp:attachment":[{"href":"https:\/\/ehpadcentrecreusecombraille.fr\/ssiad-ajain\/wp-json\/wp\/v2\/media?parent=2171"}],"curies":[{"name":"wp","href":"https:\/\/api.w.org\/{rel}","templated":true}]}}

Mentions légales

<div class="wp-block-uagb-container uagb-block-93b94c88 alignfull uagb-is-root-container"><div class="uagb-container-inner-blocks-wrap">
<div class="wp-block-uagb-advanced-heading uagb-block-392a41cb"><h1 class="uagb-heading-text">Mentions légales</h1></div>
</div></div>



<div class="wp-block-group has-ast-global-color-4-background-color has-background is-layout-constrained wp-block-group-is-layout-constrained">
<div class="wp-block-uagb-advanced-heading uagb-block-f3dda12a"><h2 class="uagb-heading-text">Centre départemental d&rsquo;accueil de soins et d&rsquo;hébergement pour personnes âgées dépendantes Les Signolles  &#8211; Service de Soins Infirmiers à Domicile</h2></div>



<p>1 Rue du Séminaire &#8211; 23380 Ajain<br><strong>Contact : </strong>05 55 80 95 00<br><strong>Fax : </strong>05 55 81 89 97<br><strong>SIREN :</strong> 262300205<br><strong><strong>Numéro SIRET :</strong> </strong>262 300 205 000 32</p>



<div class="wp-block-uagb-advanced-heading uagb-block-e413eb7f"><h2 class="uagb-heading-text">Autorités d’autorisation/de contrôle/financement de l’établissement</h2></div>



<div class="wp-block-columns alignwide is-layout-flex wp-container-core-columns-is-layout-d2da2050 wp-block-columns-is-layout-flex" style="margin-bottom:0">
<div class="wp-block-column has-ast-global-color-5-background-color has-text-color has-background has-link-color wp-elements-43c49f97d0cbec51f3abb8d2d7a956ea is-layout-flow wp-block-column-is-layout-flow" style="color:#000000;padding-top:2em;padding-right:2em;padding-bottom:2em;padding-left:2em">
<p class="has-normal-font-size" style="line-height:1.5"><strong>Agence Régionale de Santé Nouvelle-Aquitaine</strong><br>103 bis rue Belleville – CS 91704 – 33063 Bordeaux Cedex<br><strong>Standard</strong>&nbsp;: 09 69 37 00 33<br><strong>Courriel</strong>&nbsp;:&nbsp;<a href="mailto:ars-na-contact&#64;ar&#115;&#46;&#115;&#97;&#110;&#116;&#101;&#46;&#102;&#114;?subject=ARS%20Nouvelle-Aquitaine%20-%20Contacts">&#97;&#x72;s&#x2d;&#x6e;&#97;&#x2d;c&#111;&#x6e;&#116;&#x61;c&#116;&#x40;a&#x72;s&#46;&#x73;a&#x6e;&#x74;&#101;&#x2e;f&#114;</a><br><strong>Site internet</strong>&nbsp;:&nbsp;<a href="http://www.ars.nouvelle-aquitaine.fr/" target="_blank" rel="noreferrer noopener">www.nouvelle-aquitaine.ars.sante.fr</a></p>
</div>



<div class="wp-block-column has-ast-global-color-5-background-color has-text-color has-background has-link-color wp-elements-b1d9259ddac096dce3b7b26818c88bb9 is-layout-flow wp-block-column-is-layout-flow" style="color:#000000;padding-top:2em;padding-right:2em;padding-bottom:2em;padding-left:2em">
<p class="has-normal-font-size" style="line-height:1.5"><strong>Conseil Départemental de la Creuse</strong><br><a href="https://www.bing.com/ck/a?!&amp;&amp;p=2ee62712653706561c0f9405ef2f3b82b0b2cc8ccba309352e13ed523a943e76JmltdHM9MTc1NzAzMDQwMA&amp;ptn=3&amp;ver=2&amp;hsh=4&amp;fclid=28544b9d-103d-6fd7-2626-5e4a11896ece&amp;u=a1L21hcHM_Jm1lcGk9MTA5fn5Ub3BPZlBhZ2V-QWRkcmVzc19MaW5rJnR5PTE4JnE9Q29uc2VpbCUyMEQlQzMlQTlwYXJ0ZW1lbnRhbCUyMGRlJTIwbGElMjBDcmV1c2Umc3M9eXBpZC5ZTjIwMDB4OTg3MTA4MDU5MDQ1NjUzOTEzNyZwcG9pcz00Ni4xNjg4OTk1MzYxMzI4MV8xLjg2ODM5OTk3NzY4NDAyMV9Db25zZWlsJTIwRCVDMyVBOXBhcnRlbWVudGFsJTIwZGUlMjBsYSUyMENyZXVzZV9ZTjIwMDB4OTg3MTA4MDU5MDQ1NjUzOTEzN34mY3A9NDYuMTY4OX4xLjg2ODQmdj0yJnNWPTEmRk9STT1NUFNSUEw&amp;ntb=1" target="_blank" rel="noreferrer noopener">Hôtel du Département</a><br><a href="https://www.bing.com/ck/a?!&amp;&amp;p=2ee62712653706561c0f9405ef2f3b82b0b2cc8ccba309352e13ed523a943e76JmltdHM9MTc1NzAzMDQwMA&amp;ptn=3&amp;ver=2&amp;hsh=4&amp;fclid=28544b9d-103d-6fd7-2626-5e4a11896ece&amp;u=a1L21hcHM_Jm1lcGk9MTA5fn5Ub3BPZlBhZ2V-QWRkcmVzc19MaW5rJnR5PTE4JnE9Q29uc2VpbCUyMEQlQzMlQTlwYXJ0ZW1lbnRhbCUyMGRlJTIwbGElMjBDcmV1c2Umc3M9eXBpZC5ZTjIwMDB4OTg3MTA4MDU5MDQ1NjUzOTEzNyZwcG9pcz00Ni4xNjg4OTk1MzYxMzI4MV8xLjg2ODM5OTk3NzY4NDAyMV9Db25zZWlsJTIwRCVDMyVBOXBhcnRlbWVudGFsJTIwZGUlMjBsYSUyMENyZXVzZV9ZTjIwMDB4OTg3MTA4MDU5MDQ1NjUzOTEzN34mY3A9NDYuMTY4OX4xLjg2ODQmdj0yJnNWPTEmRk9STT1NUFNSUEw&amp;ntb=1" target="_blank" rel="noreferrer noopener">4 pl Louis Lacrocq, 23000 Guéret</a><br>Standard : <a href="tel:0544302323">05 44 30 23 23</a><br><strong>Site internet</strong>&nbsp;:&nbsp;<a href="http://www.creuse.fr">www.creuse.fr</a></p>
</div>
</div>



<div class="wp-block-uagb-advanced-heading uagb-block-45265295"><h2 class="uagb-heading-text">Avis de situation Insee</h2></div>



<div class="wp-block-file"><a id="wp-block-file--media-41e778ed-fd60-4c42-b1a2-dd7ddd963a88" href="https://ehpadcentrecreusecombraille.fr/ssiad-ajain/wp-content/uploads/sites/5/2025/09/SSIAD_Avis-de-situation-Insee.pdf" target="_blank" rel="noreferrer noopener">SSIAD_Avis de situation Insee</a><a href="https://ehpadcentrecreusecombraille.fr/ssiad-ajain/wp-content/uploads/sites/5/2025/09/SSIAD_Avis-de-situation-Insee.pdf" class="wp-block-file__button wp-element-button" download aria-describedby="wp-block-file--media-41e778ed-fd60-4c42-b1a2-dd7ddd963a88">Télécharger</a></div>



<div class="wp-block-uagb-advanced-heading uagb-block-b3cb480b"><h2 class="uagb-heading-text">Responsable de publication</h2></div>



<p><strong>Frédéric DESCHAMP</strong></p>



<div class="wp-block-uagb-advanced-heading uagb-block-85d470e4"><h2 class="uagb-heading-text">Coordonnées de l’éditeur</h2></div>



<p>1 Rue du Séminaire<br>23380 Ajain</p>



<div class="wp-block-uagb-advanced-heading uagb-block-ff63165c"><h2 class="uagb-heading-text">Hébergement</h2></div>



<p><strong>o2switch</strong><br>Siret : 510 909 807 00032<br>RCS Clermont Ferrand<br>SAS au capital de 100 000€<br>Opérateur Télécom déclaré ARCEP<br>09/2989 – AS50474</p>



<div class="wp-block-uagb-advanced-heading uagb-block-93677064"><h2 class="uagb-heading-text">Site internet sur mesure créé, mis à jour par</h2></div>



<p>Le Maillon / <a href="https://lemaillondigital.com" target="_blank" rel="noreferrer noopener">lemaillondigital.com</a></p>



<div class="wp-block-uagb-advanced-heading uagb-block-a31f11be"><h2 class="uagb-heading-text">Propriété</h2></div>



<p>La structure générale, ainsi que les textes, images animées ou fixes, sons, dessins, graphismes et tous autres éléments composant le site sont de l’utilisation exclusive de l’éditeur. Toute représentation totale ou partielle de ce site, par quelques procédés que ce soient, sans autorisation expresse de l’éditeur, est interdite et constituerait une contrefaçon sanctionnée par les articles L335-2 et suivants du Code de la propriété intellectuelle. Les liens hypertextes mis en place dans le cadre du présent site internet en direction d’autres ressources présentes sur le réseau internet, ne sauraient engager la responsabilité de l’éditeur.</p>



<div class="wp-block-uagb-advanced-heading uagb-block-89ebb466"><h2 class="uagb-heading-text">Loi applicable</h2></div>



<p>L’usage de ce site web est régi par la loi française à l’exception de toute autre législation.</p>
</div>

<p>Mentions légales Centre départemental d&rsquo;accueil de soins et d&rsquo;hébergement pour personnes âgées dépendantes Les Signolles &#8211; Service de Soins Infirmiers à Domicile 1 Rue du Séminaire &#8211; 23380 AjainContact : 05 55 80 95 00Fax : 05 55 81 89 97SIREN : 262300205Numéro SIRET : 262 300 205 000 32 Autorités d’autorisation/de contrôle/financement de l’établissement [&hellip;]</p>

Mentions légales Centre départemental d&rsquo;accueil de soins et d&rsquo;hébergement pour personnes âgées dépendantes Les Signolles &#8211; Service de Soins Infirmiers à Domicile 1 Rue du Séminaire &#8211; 23380 AjainContact : 05 55 80 95 00Fax : 05 55 81 89 97SIREN : 262300205Numéro SIRET : 262 300 205 000 32 Autorités d’autorisation/de contrôle/financement de l’établissement…
