{"id":1821,"date":"2023-12-05T13:34:23","date_gmt":"2023-12-05T12:34:23","guid":{"rendered":"https:\/\/ehpadcentrecreusecombraille.fr\/ssiad-ajain\/?page_id=1821"},"modified":"2025-09-25T11:09:55","modified_gmt":"2025-09-25T09:09:55","slug":"informations-pratiques","status":"publish","type":"page","link":"https:\/\/ehpadcentrecreusecombraille.fr\/ssiad-ajain\/informations-pratiques\/","title":{"rendered":"Informations pratiques"},"content":{"rendered":"\n<div class=\"wp-block-uagb-container uagb-block-3ad17e27 alignfull uagb-is-root-container\"><div class=\"uagb-container-inner-blocks-wrap\">\n<div class=\"wp-block-uagb-advanced-heading uagb-block-8a1eebc0\"><h1 class=\"uagb-heading-text\">Informations pratiques<\/h1><\/div>\n<\/div><\/div>\n\n\n\n<div class=\"wp-block-columns has-ast-global-color-1-background-color has-background is-layout-flex wp-container-core-columns-is-layout-28f84493 wp-block-columns-is-layout-flex\">\n<div class=\"wp-block-column is-layout-flow wp-block-column-is-layout-flow\">\n<div class=\"wp-block-uagb-advanced-heading uagb-block-34a97fdc\"><h2 class=\"uagb-heading-text\">LE SSIAD D&rsquo;AJAIN LAUR\u00c9AT DU TEMPS PSYCHOLOGUE RENFORC\u00c9 <\/h2><\/div>\n\n\n\n<p class=\"has-text-align-center has-ast-global-color-2-color has-text-color has-link-color wp-elements-d050a3c8d386fe1f8f7c607ab14f84f5\">D\u00e9couvrez les d\u00e9tails essentiels sur le SSIAD d&rsquo;Ajain. Obtenez quelques informations pratiques pour comprendre notre engagement envers votre bien-\u00eatre.<\/p>\n<\/div>\n<\/div>\n\n\n\n<div class=\"wp-block-columns has-ast-global-color-4-background-color has-background is-layout-flex wp-container-core-columns-is-layout-28f84493 wp-block-columns-is-layout-flex\">\n<div class=\"wp-block-column is-layout-flow wp-block-column-is-layout-flow\">\n<p>En reconnaissance de notre engagement envers la qualit\u00e9 des soins \u00e0 domicile, l&rsquo;ARS Nouvelle-Aquitaine nous a accord\u00e9, en 2022, le financement d&rsquo;un temps de psychologue. Cela renforce notre capacit\u00e9 \u00e0 prendre en charge les patients pr\u00e9sentant des maladies neurod\u00e9g\u00e9n\u00e9ratives et\/ou des troubles psychiques, ainsi que leurs aidants. Ce soutien psychologique est un enjeu majeur pour am\u00e9liorer l&rsquo;accompagnement des personnes \u00e2g\u00e9es ou en situation de handicap \u00e0 domicile.<\/p>\n\n\n\n<p>La psychologue est disponible pour des consultations sur demande des patients, de leurs proches aidants, de l&rsquo;infirmi\u00e8re coordinatrice ou d&rsquo;autres professionnels de sant\u00e9. Son temps d&#8217;emploi est partag\u00e9 entre deux SSIAD, avec une portion de temps d\u00e9di\u00e9e au SSIAD d&rsquo;Ajain pour renforcer nos services et notre engagement envers nos b\u00e9n\u00e9ficiaires.<\/p>\n\n\n\n<figure class=\"wp-block-image size-large\"><img loading=\"lazy\" decoding=\"async\" width=\"1024\" height=\"379\" src=\"https:\/\/ehpadcentrecreusecombraille.fr\/ssiad-ajain\/wp-content\/uploads\/sites\/5\/2023\/12\/SSIAD-OK-1024x379.png\" alt=\"\" class=\"wp-image-1873\" srcset=\"https:\/\/ehpadcentrecreusecombraille.fr\/ssiad-ajain\/wp-content\/uploads\/sites\/5\/2023\/12\/SSIAD-OK-1024x379.png 1024w, https:\/\/ehpadcentrecreusecombraille.fr\/ssiad-ajain\/wp-content\/uploads\/sites\/5\/2023\/12\/SSIAD-OK-300x111.png 300w, https:\/\/ehpadcentrecreusecombraille.fr\/ssiad-ajain\/wp-content\/uploads\/sites\/5\/2023\/12\/SSIAD-OK-768x284.png 768w, https:\/\/ehpadcentrecreusecombraille.fr\/ssiad-ajain\/wp-content\/uploads\/sites\/5\/2023\/12\/SSIAD-OK-1536x568.png 1536w, https:\/\/ehpadcentrecreusecombraille.fr\/ssiad-ajain\/wp-content\/uploads\/sites\/5\/2023\/12\/SSIAD-OK-2048x758.png 2048w\" sizes=\"auto, (max-width: 1024px) 100vw, 1024px\" \/><\/figure>\n<\/div>\n<\/div>\n\n\n\n<div class=\"wp-block-columns has-ast-global-color-1-background-color has-background is-layout-flex wp-container-core-columns-is-layout-28f84493 wp-block-columns-is-layout-flex\">\n<div class=\"wp-block-column is-layout-flow wp-block-column-is-layout-flow\">\n<div class=\"wp-block-uagb-advanced-heading uagb-block-f06efb3f\"><h2 class=\"uagb-heading-text\">L&rsquo;ACTIVIT\u00c9 EN 2024<\/h2><\/div>\n<\/div>\n<\/div>\n\n\n\n<div class=\"wp-block-columns has-ast-global-color-5-background-color has-background is-layout-flex wp-container-core-columns-is-layout-28f84493 wp-block-columns-is-layout-flex\">\n<div class=\"wp-block-column is-layout-flow wp-block-column-is-layout-flow\">\n<figure class=\"wp-block-image aligncenter size-large is-resized\"><img loading=\"lazy\" decoding=\"async\" width=\"724\" height=\"1024\" src=\"https:\/\/ehpadcentrecreusecombraille.fr\/ssiad-ajain\/wp-content\/uploads\/sites\/5\/2025\/09\/Site-web-SSIAD-724x1024.png\" alt=\"\" class=\"wp-image-2297\" style=\"width:1146px;height:auto\" srcset=\"https:\/\/ehpadcentrecreusecombraille.fr\/ssiad-ajain\/wp-content\/uploads\/sites\/5\/2025\/09\/Site-web-SSIAD-724x1024.png 724w, https:\/\/ehpadcentrecreusecombraille.fr\/ssiad-ajain\/wp-content\/uploads\/sites\/5\/2025\/09\/Site-web-SSIAD-212x300.png 212w, https:\/\/ehpadcentrecreusecombraille.fr\/ssiad-ajain\/wp-content\/uploads\/sites\/5\/2025\/09\/Site-web-SSIAD-768x1086.png 768w, https:\/\/ehpadcentrecreusecombraille.fr\/ssiad-ajain\/wp-content\/uploads\/sites\/5\/2025\/09\/Site-web-SSIAD-1086x1536.png 1086w, https:\/\/ehpadcentrecreusecombraille.fr\/ssiad-ajain\/wp-content\/uploads\/sites\/5\/2025\/09\/Site-web-SSIAD.png 1414w\" sizes=\"auto, (max-width: 724px) 100vw, 724px\" \/><\/figure>\n<\/div>\n<\/div>\n","protected":false},"excerpt":{"rendered":"<p>Informations pratiques LE SSIAD D&rsquo;AJAIN LAUR\u00c9AT DU TEMPS PSYCHOLOGUE RENFORC\u00c9 D\u00e9couvrez les d\u00e9tails essentiels sur le SSIAD d&rsquo;Ajain. Obtenez quelques informations pratiques pour comprendre notre engagement envers votre bien-\u00eatre. En reconnaissance de notre engagement envers la qualit\u00e9 des soins \u00e0 domicile, l&rsquo;ARS Nouvelle-Aquitaine nous a accord\u00e9, en 2022, le financement d&rsquo;un temps de psychologue. Cela [&hellip;]<\/p>\n","protected":false},"author":2,"featured_media":0,"parent":0,"menu_order":0,"comment_status":"closed","ping_status":"closed","template":"","meta":{"_uag_custom_page_level_css":"","site-sidebar-layout":"no-sidebar","site-content-layout":"page-builder","ast-site-content-layout":"full-width-container","site-content-style":"unboxed","site-sidebar-style":"unboxed","ast-global-header-display":"","ast-banner-title-visibility":"","ast-main-header-display":"","ast-hfb-above-header-display":"","ast-hfb-below-header-display":"","ast-hfb-mobile-header-display":"","site-post-title":"disabled","ast-breadcrumbs-content":"","ast-featured-img":"disabled","footer-sml-layout":"","ast-disable-related-posts":"","theme-transparent-header-meta":"enabled","adv-header-id-meta":"","stick-header-meta":"","header-above-stick-meta":"","header-main-stick-meta":"","header-below-stick-meta":"","astra-migrate-meta-layouts":"set","ast-page-background-enabled":"default","ast-page-background-meta":{"desktop":{"background-color":"var(--ast-global-color-4)","background-image":"","background-repeat":"repeat","background-position":"center center","background-size":"auto","background-attachment":"scroll","background-type":"","background-media":"","overlay-type":"","overlay-color":"","overlay-opacity":"","overlay-gradient":""},"tablet":{"background-color":"","background-image":"","background-repeat":"repeat","background-position":"center center","background-size":"auto","background-attachment":"scroll","background-type":"","background-media":"","overlay-type":"","overlay-color":"","overlay-opacity":"","overlay-gradient":""},"mobile":{"background-color":"","background-image":"","background-repeat":"repeat","background-position":"center center","background-size":"auto","background-attachment":"scroll","background-type":"","background-media":"","overlay-type":"","overlay-color":"","overlay-opacity":"","overlay-gradient":""}},"ast-content-background-meta":{"desktop":{"background-color":"var(--ast-global-color-5)","background-image":"","background-repeat":"repeat","background-position":"center center","background-size":"auto","background-attachment":"scroll","background-type":"","background-media":"","overlay-type":"","overlay-color":"","overlay-opacity":"","overlay-gradient":""},"tablet":{"background-color":"var(--ast-global-color-5)","background-image":"","background-repeat":"repeat","background-position":"center center","background-size":"auto","background-attachment":"scroll","background-type":"","background-media":"","overlay-type":"","overlay-color":"","overlay-opacity":"","overlay-gradient":""},"mobile":{"background-color":"var(--ast-global-color-5)","background-image":"","background-repeat":"repeat","background-position":"center center","background-size":"auto","background-attachment":"scroll","background-type":"","background-media":"","overlay-type":"","overlay-color":"","overlay-opacity":"","overlay-gradient":""}},"footnotes":""},"class_list":["post-1821","page","type-page","status-publish","hentry"],"uagb_featured_image_src":{"full":false,"thumbnail":false,"medium":false,"medium_large":false,"large":false,"1536x1536":false,"2048x2048":false},"uagb_author_info":{"display_name":"azoure","author_link":"https:\/\/ehpadcentrecreusecombraille.fr\/ssiad-ajain\/author\/azoure\/"},"uagb_comment_info":0,"uagb_excerpt":"Informations pratiques LE SSIAD D&rsquo;AJAIN LAUR\u00c9AT DU TEMPS PSYCHOLOGUE RENFORC\u00c9 D\u00e9couvrez les d\u00e9tails essentiels sur le SSIAD d&rsquo;Ajain. Obtenez quelques informations pratiques pour comprendre notre engagement envers votre bien-\u00eatre. En reconnaissance de notre engagement envers la qualit\u00e9 des soins \u00e0 domicile, l&rsquo;ARS Nouvelle-Aquitaine nous a accord\u00e9, en 2022, le financement d&rsquo;un temps de psychologue. Cela\u2026","_links":{"self":[{"href":"https:\/\/ehpadcentrecreusecombraille.fr\/ssiad-ajain\/wp-json\/wp\/v2\/pages\/1821","targetHints":{"allow":["GET"]}}],"collection":[{"href":"https:\/\/ehpadcentrecreusecombraille.fr\/ssiad-ajain\/wp-json\/wp\/v2\/pages"}],"about":[{"href":"https:\/\/ehpadcentrecreusecombraille.fr\/ssiad-ajain\/wp-json\/wp\/v2\/types\/page"}],"author":[{"embeddable":true,"href":"https:\/\/ehpadcentrecreusecombraille.fr\/ssiad-ajain\/wp-json\/wp\/v2\/users\/2"}],"replies":[{"embeddable":true,"href":"https:\/\/ehpadcentrecreusecombraille.fr\/ssiad-ajain\/wp-json\/wp\/v2\/comments?post=1821"}],"version-history":[{"count":5,"href":"https:\/\/ehpadcentrecreusecombraille.fr\/ssiad-ajain\/wp-json\/wp\/v2\/pages\/1821\/revisions"}],"predecessor-version":[{"id":2341,"href":"https:\/\/ehpadcentrecreusecombraille.fr\/ssiad-ajain\/wp-json\/wp\/v2\/pages\/1821\/revisions\/2341"}],"wp:attachment":[{"href":"https:\/\/ehpadcentrecreusecombraille.fr\/ssiad-ajain\/wp-json\/wp\/v2\/media?parent=1821"}],"curies":[{"name":"wp","href":"https:\/\/api.w.org\/{rel}","templated":true}]}}

<div class="wp-block-uagb-container uagb-block-3ad17e27 alignfull uagb-is-root-container"><div class="uagb-container-inner-blocks-wrap">
<div class="wp-block-uagb-advanced-heading uagb-block-8a1eebc0"><h1 class="uagb-heading-text">Informations pratiques</h1></div>
</div></div>



<div class="wp-block-columns has-ast-global-color-1-background-color has-background is-layout-flex wp-container-core-columns-is-layout-28f84493 wp-block-columns-is-layout-flex">
<div class="wp-block-column is-layout-flow wp-block-column-is-layout-flow">
<div class="wp-block-uagb-advanced-heading uagb-block-34a97fdc"><h2 class="uagb-heading-text">LE SSIAD D&rsquo;AJAIN LAURÉAT DU TEMPS PSYCHOLOGUE RENFORCÉ </h2></div>



<p class="has-text-align-center has-ast-global-color-2-color has-text-color has-link-color wp-elements-d050a3c8d386fe1f8f7c607ab14f84f5">Découvrez les détails essentiels sur le SSIAD d&rsquo;Ajain. Obtenez quelques informations pratiques pour comprendre notre engagement envers votre bien-être.</p>
</div>
</div>



<div class="wp-block-columns has-ast-global-color-4-background-color has-background is-layout-flex wp-container-core-columns-is-layout-28f84493 wp-block-columns-is-layout-flex">
<div class="wp-block-column is-layout-flow wp-block-column-is-layout-flow">
<p>En reconnaissance de notre engagement envers la qualité des soins à domicile, l&rsquo;ARS Nouvelle-Aquitaine nous a accordé, en 2022, le financement d&rsquo;un temps de psychologue. Cela renforce notre capacité à prendre en charge les patients présentant des maladies neurodégénératives et/ou des troubles psychiques, ainsi que leurs aidants. Ce soutien psychologique est un enjeu majeur pour améliorer l&rsquo;accompagnement des personnes âgées ou en situation de handicap à domicile.</p>



<p>La psychologue est disponible pour des consultations sur demande des patients, de leurs proches aidants, de l&rsquo;infirmière coordinatrice ou d&rsquo;autres professionnels de santé. Son temps d&#8217;emploi est partagé entre deux SSIAD, avec une portion de temps dédiée au SSIAD d&rsquo;Ajain pour renforcer nos services et notre engagement envers nos bénéficiaires.</p>



<figure class="wp-block-image size-large"><img loading="lazy" decoding="async" width="1024" height="379" src="https://ehpadcentrecreusecombraille.fr/ssiad-ajain/wp-content/uploads/sites/5/2023/12/SSIAD-OK-1024x379.png" alt="" class="wp-image-1873" srcset="https://ehpadcentrecreusecombraille.fr/ssiad-ajain/wp-content/uploads/sites/5/2023/12/SSIAD-OK-1024x379.png 1024w, https://ehpadcentrecreusecombraille.fr/ssiad-ajain/wp-content/uploads/sites/5/2023/12/SSIAD-OK-300x111.png 300w, https://ehpadcentrecreusecombraille.fr/ssiad-ajain/wp-content/uploads/sites/5/2023/12/SSIAD-OK-768x284.png 768w, https://ehpadcentrecreusecombraille.fr/ssiad-ajain/wp-content/uploads/sites/5/2023/12/SSIAD-OK-1536x568.png 1536w, https://ehpadcentrecreusecombraille.fr/ssiad-ajain/wp-content/uploads/sites/5/2023/12/SSIAD-OK-2048x758.png 2048w" sizes="auto, (max-width: 1024px) 100vw, 1024px" /></figure>
</div>
</div>



<div class="wp-block-columns has-ast-global-color-1-background-color has-background is-layout-flex wp-container-core-columns-is-layout-28f84493 wp-block-columns-is-layout-flex">
<div class="wp-block-column is-layout-flow wp-block-column-is-layout-flow">
<div class="wp-block-uagb-advanced-heading uagb-block-f06efb3f"><h2 class="uagb-heading-text">L&rsquo;ACTIVITÉ EN 2024</h2></div>
</div>
</div>



<div class="wp-block-columns has-ast-global-color-5-background-color has-background is-layout-flex wp-container-core-columns-is-layout-28f84493 wp-block-columns-is-layout-flex">
<div class="wp-block-column is-layout-flow wp-block-column-is-layout-flow">
<figure class="wp-block-image aligncenter size-large is-resized"><img loading="lazy" decoding="async" width="724" height="1024" src="https://ehpadcentrecreusecombraille.fr/ssiad-ajain/wp-content/uploads/sites/5/2025/09/Site-web-SSIAD-724x1024.png" alt="" class="wp-image-2297" style="width:1146px;height:auto" srcset="https://ehpadcentrecreusecombraille.fr/ssiad-ajain/wp-content/uploads/sites/5/2025/09/Site-web-SSIAD-724x1024.png 724w, https://ehpadcentrecreusecombraille.fr/ssiad-ajain/wp-content/uploads/sites/5/2025/09/Site-web-SSIAD-212x300.png 212w, https://ehpadcentrecreusecombraille.fr/ssiad-ajain/wp-content/uploads/sites/5/2025/09/Site-web-SSIAD-768x1086.png 768w, https://ehpadcentrecreusecombraille.fr/ssiad-ajain/wp-content/uploads/sites/5/2025/09/Site-web-SSIAD-1086x1536.png 1086w, https://ehpadcentrecreusecombraille.fr/ssiad-ajain/wp-content/uploads/sites/5/2025/09/Site-web-SSIAD.png 1414w" sizes="auto, (max-width: 724px) 100vw, 724px" /></figure>
</div>
</div>

<p>Informations pratiques LE SSIAD D&rsquo;AJAIN LAURÉAT DU TEMPS PSYCHOLOGUE RENFORCÉ Découvrez les détails essentiels sur le SSIAD d&rsquo;Ajain. Obtenez quelques informations pratiques pour comprendre notre engagement envers votre bien-être. En reconnaissance de notre engagement envers la qualité des soins à domicile, l&rsquo;ARS Nouvelle-Aquitaine nous a accordé, en 2022, le financement d&rsquo;un temps de psychologue. Cela [&hellip;]</p>

Informations pratiques LE SSIAD D&rsquo;AJAIN LAURÉAT DU TEMPS PSYCHOLOGUE RENFORCÉ Découvrez les détails essentiels sur le SSIAD d&rsquo;Ajain. Obtenez quelques informations pratiques pour comprendre notre engagement envers votre bien-être. En reconnaissance de notre engagement envers la qualité des soins à domicile, l&rsquo;ARS Nouvelle-Aquitaine nous a accordé, en 2022, le financement d&rsquo;un temps de psychologue. Cela…
