{"id":4497,"date":"2025-10-02T14:41:01","date_gmt":"2025-10-02T12:41:01","guid":{"rendered":"https:\/\/ehpadcentrecreusecombraille.fr\/ehpad-les-signolles\/?page_id=4497"},"modified":"2025-10-02T14:41:21","modified_gmt":"2025-10-02T12:41:21","slug":"index-egalite-professionnelle","status":"publish","type":"page","link":"https:\/\/ehpadcentrecreusecombraille.fr\/ehpad-les-signolles\/index-egalite-professionnelle\/","title":{"rendered":"Index \u00e9galit\u00e9 professionnelle"},"content":{"rendered":"\n<div class=\"wp-block-uagb-container uagb-block-3ad17e27 alignfull uagb-is-root-container\"><div class=\"uagb-container-inner-blocks-wrap\">\n<div style=\"height:50px\" aria-hidden=\"true\" class=\"wp-block-spacer\"><\/div>\n\n\n\n<div class=\"wp-block-uagb-advanced-heading uagb-block-8a1eebc0\"><h1 class=\"uagb-heading-text\">Index \u00e9galit\u00e9 professionnelle<\/h1><\/div>\n<\/div><\/div>\n\n\n\n<div class=\"wp-block-columns alignwide has-ast-global-color-1-background-color has-background is-layout-flex wp-container-core-columns-is-layout-d2da2050 wp-block-columns-is-layout-flex\" style=\"margin-bottom:0\">\n<div class=\"wp-block-column has-ast-global-color-4-background-color has-text-color has-background has-link-color wp-elements-54691419bea6d06d327374d9f343325f is-layout-flow wp-block-column-is-layout-flow\" style=\"color:#000000;padding-top:2em;padding-right:2em;padding-bottom:2em;padding-left:2em\">\n<p>En application des d\u00e9crets n\u00b02024-948 et n\u00b02024-949 du 21 octobre 2024, relatifs \u00e0 la mesure et \u00e0 la r\u00e9duction des \u00e9carts de r\u00e9mun\u00e9ration entre les femmes et les hommes dans la fonction publique hospitali\u00e8re, les \u00e9tablissements de la FPH ont l\u2019obligation de publier chaque ann\u00e9e les r\u00e9sultats obtenus pour chacun des indicateurs de l\u2019Index de l\u2019\u00e9galit\u00e9 professionnelle. Calcul\u00e9 sous la forme d\u2019une note sur 100 points, cet Index permet d\u2019\u00e9valuer les \u00e9carts existants entre les femmes et les hommes, notamment en mati\u00e8re de r\u00e9mun\u00e9ration et de promotion, ainsi que de mesurer les progr\u00e8s r\u00e9alis\u00e9s dans le temps. La publication de ces r\u00e9sultats, accompagn\u00e9e des objectifs de progression, constitue une d\u00e9marche essentielle pour renforcer la transparence et favoriser l\u2019am\u00e9lioration continue de l\u2019\u00e9galit\u00e9 professionnelle au sein des \u00e9tablissements hospitaliers.<\/p>\n\n\n\n<hr class=\"wp-block-separator has-text-color has-css-opacity has-background is-style-wide\" style=\"background-color:#000000;color:#000000\"\/>\n<\/div>\n<\/div>\n\n\n\n<div class=\"wp-block-columns alignwide has-ast-global-color-5-background-color has-background is-layout-flex wp-container-core-columns-is-layout-d2da2050 wp-block-columns-is-layout-flex\" style=\"margin-bottom:0\">\n<div class=\"wp-block-column has-ast-global-color-4-background-color has-text-color has-background has-link-color wp-elements-7ec54f65df2c1c23ae92efdf997bbd26 is-layout-flow wp-block-column-is-layout-flow\" style=\"color:#000000;padding-top:2em;padding-right:2em;padding-bottom:2em;padding-left:2em\">\n<div class=\"wp-block-uagb-advanced-heading uagb-block-bd3d88bd\"><h3 class=\"uagb-heading-text\">Index de l\u2019\u00e9galit\u00e9 professionnelle FPH &#8211; 2024<\/h3><\/div>\n\n\n\n<figure class=\"wp-block-image size-full\"><img decoding=\"async\" src=\"https:\/\/ehpadcentrecreusecombraille.fr\/espace-pro\/wp-content\/uploads\/sites\/6\/2025\/10\/Index-de-legalite-professionnelle-FPH-2024-1.png\" alt=\"\" class=\"wp-image-2744\"\/><\/figure>\n\n\n\n<hr class=\"wp-block-separator has-text-color has-css-opacity has-background is-style-wide\" style=\"background-color:#000000;color:#000000\"\/>\n<\/div>\n\n\n\n<div class=\"wp-block-column has-ast-global-color-4-background-color has-text-color has-background has-link-color wp-elements-f0c3d109d1c1bcd7bfeae53e99472d58 is-layout-flow wp-block-column-is-layout-flow\" style=\"color:#000000;padding-top:2em;padding-right:2em;padding-bottom:2em;padding-left:2em\">\n<div class=\"wp-block-uagb-advanced-heading uagb-block-72b29c8c\"><h3 class=\"uagb-heading-text\">Index de l\u2019\u00e9galit\u00e9 professionnelle FPH &#8211; 2024<\/h3><\/div>\n\n\n\n<figure class=\"wp-block-image size-full\"><img decoding=\"async\" src=\"https:\/\/ehpadcentrecreusecombraille.fr\/espace-pro\/wp-content\/uploads\/sites\/6\/2025\/10\/Index-de-legalite-professionnelle-FPH-2024-2.png\" alt=\"\" class=\"wp-image-2743\"\/><\/figure>\n\n\n\n<hr class=\"wp-block-separator has-text-color has-css-opacity has-background is-style-wide\" style=\"background-color:#000000;color:#000000\"\/>\n<\/div>\n<\/div>\n","protected":false},"excerpt":{"rendered":"<p>Index \u00e9galit\u00e9 professionnelle En application des d\u00e9crets n\u00b02024-948 et n\u00b02024-949 du 21 octobre 2024, relatifs \u00e0 la mesure et \u00e0 [&hellip;]<\/p>\n","protected":false},"author":2,"featured_media":0,"parent":0,"menu_order":0,"comment_status":"closed","ping_status":"closed","template":"","meta":{"_uag_custom_page_level_css":"","site-sidebar-layout":"no-sidebar","site-content-layout":"page-builder","ast-site-content-layout":"full-width-container","site-content-style":"unboxed","site-sidebar-style":"unboxed","ast-global-header-display":"","ast-banner-title-visibility":"","ast-main-header-display":"","ast-hfb-above-header-display":"","ast-hfb-below-header-display":"","ast-hfb-mobile-header-display":"","site-post-title":"disabled","ast-breadcrumbs-content":"","ast-featured-img":"disabled","footer-sml-layout":"","ast-disable-related-posts":"","theme-transparent-header-meta":"enabled","adv-header-id-meta":"","stick-header-meta":"","header-above-stick-meta":"","header-main-stick-meta":"","header-below-stick-meta":"","astra-migrate-meta-layouts":"set","ast-page-background-enabled":"default","ast-page-background-meta":{"desktop":{"background-color":"var(--ast-global-color-4)","background-image":"","background-repeat":"repeat","background-position":"center center","background-size":"auto","background-attachment":"scroll","background-type":"","background-media":"","overlay-type":"","overlay-color":"","overlay-opacity":"","overlay-gradient":""},"tablet":{"background-color":"","background-image":"","background-repeat":"repeat","background-position":"center center","background-size":"auto","background-attachment":"scroll","background-type":"","background-media":"","overlay-type":"","overlay-color":"","overlay-opacity":"","overlay-gradient":""},"mobile":{"background-color":"","background-image":"","background-repeat":"repeat","background-position":"center center","background-size":"auto","background-attachment":"scroll","background-type":"","background-media":"","overlay-type":"","overlay-color":"","overlay-opacity":"","overlay-gradient":""}},"ast-content-background-meta":{"desktop":{"background-color":"var(--ast-global-color-5)","background-image":"","background-repeat":"repeat","background-position":"center center","background-size":"auto","background-attachment":"scroll","background-type":"","background-media":"","overlay-type":"","overlay-color":"","overlay-opacity":"","overlay-gradient":""},"tablet":{"background-color":"var(--ast-global-color-5)","background-image":"","background-repeat":"repeat","background-position":"center center","background-size":"auto","background-attachment":"scroll","background-type":"","background-media":"","overlay-type":"","overlay-color":"","overlay-opacity":"","overlay-gradient":""},"mobile":{"background-color":"var(--ast-global-color-5)","background-image":"","background-repeat":"repeat","background-position":"center center","background-size":"auto","background-attachment":"scroll","background-type":"","background-media":"","overlay-type":"","overlay-color":"","overlay-opacity":"","overlay-gradient":""}},"footnotes":""},"class_list":["post-4497","page","type-page","status-publish","hentry"],"uagb_featured_image_src":{"full":false,"thumbnail":false,"medium":false,"medium_large":false,"large":false,"1536x1536":false,"2048x2048":false},"uagb_author_info":{"display_name":"azoure","author_link":"https:\/\/ehpadcentrecreusecombraille.fr\/ehpad-les-signolles\/author\/azoure\/"},"uagb_comment_info":0,"uagb_excerpt":"Index \u00e9galit\u00e9 professionnelle En application des d\u00e9crets n\u00b02024-948 et n\u00b02024-949 du 21 octobre 2024, relatifs \u00e0 la mesure et \u00e0 [&hellip;]","_links":{"self":[{"href":"https:\/\/ehpadcentrecreusecombraille.fr\/ehpad-les-signolles\/wp-json\/wp\/v2\/pages\/4497","targetHints":{"allow":["GET"]}}],"collection":[{"href":"https:\/\/ehpadcentrecreusecombraille.fr\/ehpad-les-signolles\/wp-json\/wp\/v2\/pages"}],"about":[{"href":"https:\/\/ehpadcentrecreusecombraille.fr\/ehpad-les-signolles\/wp-json\/wp\/v2\/types\/page"}],"author":[{"embeddable":true,"href":"https:\/\/ehpadcentrecreusecombraille.fr\/ehpad-les-signolles\/wp-json\/wp\/v2\/users\/2"}],"replies":[{"embeddable":true,"href":"https:\/\/ehpadcentrecreusecombraille.fr\/ehpad-les-signolles\/wp-json\/wp\/v2\/comments?post=4497"}],"version-history":[{"count":1,"href":"https:\/\/ehpadcentrecreusecombraille.fr\/ehpad-les-signolles\/wp-json\/wp\/v2\/pages\/4497\/revisions"}],"predecessor-version":[{"id":4499,"href":"https:\/\/ehpadcentrecreusecombraille.fr\/ehpad-les-signolles\/wp-json\/wp\/v2\/pages\/4497\/revisions\/4499"}],"wp:attachment":[{"href":"https:\/\/ehpadcentrecreusecombraille.fr\/ehpad-les-signolles\/wp-json\/wp\/v2\/media?parent=4497"}],"curies":[{"name":"wp","href":"https:\/\/api.w.org\/{rel}","templated":true}]}}

Index égalité professionnelle

<div class="wp-block-uagb-container uagb-block-3ad17e27 alignfull uagb-is-root-container"><div class="uagb-container-inner-blocks-wrap">
<div style="height:50px" aria-hidden="true" class="wp-block-spacer"></div>



<div class="wp-block-uagb-advanced-heading uagb-block-8a1eebc0"><h1 class="uagb-heading-text">Index égalité professionnelle</h1></div>
</div></div>



<div class="wp-block-columns alignwide has-ast-global-color-1-background-color has-background is-layout-flex wp-container-core-columns-is-layout-d2da2050 wp-block-columns-is-layout-flex" style="margin-bottom:0">
<div class="wp-block-column has-ast-global-color-4-background-color has-text-color has-background has-link-color wp-elements-54691419bea6d06d327374d9f343325f is-layout-flow wp-block-column-is-layout-flow" style="color:#000000;padding-top:2em;padding-right:2em;padding-bottom:2em;padding-left:2em">
<p>En application des décrets n°2024-948 et n°2024-949 du 21 octobre 2024, relatifs à la mesure et à la réduction des écarts de rémunération entre les femmes et les hommes dans la fonction publique hospitalière, les établissements de la FPH ont l’obligation de publier chaque année les résultats obtenus pour chacun des indicateurs de l’Index de l’égalité professionnelle. Calculé sous la forme d’une note sur 100 points, cet Index permet d’évaluer les écarts existants entre les femmes et les hommes, notamment en matière de rémunération et de promotion, ainsi que de mesurer les progrès réalisés dans le temps. La publication de ces résultats, accompagnée des objectifs de progression, constitue une démarche essentielle pour renforcer la transparence et favoriser l’amélioration continue de l’égalité professionnelle au sein des établissements hospitaliers.</p>



<hr class="wp-block-separator has-text-color has-css-opacity has-background is-style-wide" style="background-color:#000000;color:#000000"/>
</div>
</div>



<div class="wp-block-columns alignwide has-ast-global-color-5-background-color has-background is-layout-flex wp-container-core-columns-is-layout-d2da2050 wp-block-columns-is-layout-flex" style="margin-bottom:0">
<div class="wp-block-column has-ast-global-color-4-background-color has-text-color has-background has-link-color wp-elements-7ec54f65df2c1c23ae92efdf997bbd26 is-layout-flow wp-block-column-is-layout-flow" style="color:#000000;padding-top:2em;padding-right:2em;padding-bottom:2em;padding-left:2em">
<div class="wp-block-uagb-advanced-heading uagb-block-bd3d88bd"><h3 class="uagb-heading-text">Index de l’égalité professionnelle FPH &#8211; 2024</h3></div>



<figure class="wp-block-image size-full"><img decoding="async" src="https://ehpadcentrecreusecombraille.fr/espace-pro/wp-content/uploads/sites/6/2025/10/Index-de-legalite-professionnelle-FPH-2024-1.png" alt="" class="wp-image-2744"/></figure>



<hr class="wp-block-separator has-text-color has-css-opacity has-background is-style-wide" style="background-color:#000000;color:#000000"/>
</div>



<div class="wp-block-column has-ast-global-color-4-background-color has-text-color has-background has-link-color wp-elements-f0c3d109d1c1bcd7bfeae53e99472d58 is-layout-flow wp-block-column-is-layout-flow" style="color:#000000;padding-top:2em;padding-right:2em;padding-bottom:2em;padding-left:2em">
<div class="wp-block-uagb-advanced-heading uagb-block-72b29c8c"><h3 class="uagb-heading-text">Index de l’égalité professionnelle FPH &#8211; 2024</h3></div>



<figure class="wp-block-image size-full"><img decoding="async" src="https://ehpadcentrecreusecombraille.fr/espace-pro/wp-content/uploads/sites/6/2025/10/Index-de-legalite-professionnelle-FPH-2024-2.png" alt="" class="wp-image-2743"/></figure>



<hr class="wp-block-separator has-text-color has-css-opacity has-background is-style-wide" style="background-color:#000000;color:#000000"/>
</div>
</div>

<p>Index égalité professionnelle En application des décrets n°2024-948 et n°2024-949 du 21 octobre 2024, relatifs à la mesure et à [&hellip;]</p>

Index égalité professionnelle En application des décrets n°2024-948 et n°2024-949 du 21 octobre 2024, relatifs à la mesure et à [&hellip;]
