{"id":4395,"date":"2025-09-18T13:58:35","date_gmt":"2025-09-18T11:58:35","guid":{"rendered":"https:\/\/ehpadcentrecreusecombraille.fr\/ehpad-les-signolles\/?page_id=4395"},"modified":"2025-10-15T10:39:41","modified_gmt":"2025-10-15T08:39:41","slug":"acces-transports","status":"publish","type":"page","link":"https:\/\/ehpadcentrecreusecombraille.fr\/ehpad-les-signolles\/acces-transports\/","title":{"rendered":"Acc\u00e8s &amp; transports"},"content":{"rendered":"\n<div class=\"wp-block-uagb-container uagb-block-3ad17e27 alignfull uagb-is-root-container\"><div class=\"uagb-container-inner-blocks-wrap\">\n<div style=\"height:50px\" aria-hidden=\"true\" class=\"wp-block-spacer\"><\/div>\n\n\n\n<div class=\"wp-block-uagb-advanced-heading uagb-block-8a1eebc0\"><h1 class=\"uagb-heading-text\">Acc\u00e8s &amp; transports<\/h1><\/div>\n<\/div><\/div>\n\n\n\n<div class=\"wp-block-group has-ast-global-color-1-background-color has-background is-layout-constrained wp-block-group-is-layout-constrained\">\n<div class=\"wp-block-columns has-ast-global-color-4-color has-ast-global-color-1-background-color has-text-color has-background has-link-color wp-elements-4dfac3e8a881011b2917e36a49e43bc3 is-layout-flex wp-container-core-columns-is-layout-28f84493 wp-block-columns-is-layout-flex\">\n<div class=\"wp-block-column is-layout-flow wp-block-column-is-layout-flow\">\n<div class=\"wp-block-uagb-advanced-heading uagb-block-2807deaf\"><h2 class=\"uagb-heading-text\">QUELQUES INFORMATIONS POUR VOUS AIDER<\/h2><\/div>\n\n\n\n<p class=\"has-text-align-center has-ast-global-color-4-color has-text-color has-link-color wp-elements-8ea65a7c744b384cf4b6af89c57b5456\">Pour vous aider \u00e0 nous rendre visite ou \u00e0 accompagner vos proches, nous mettons \u00e0 votre disposition des informations pratiques sur les transports en commun et les services de mobilit\u00e9 disponibles dans la r\u00e9gion.<\/p>\n<\/div>\n<\/div>\n<\/div>\n\n\n\n<div class=\"wp-block-columns alignwide has-ast-global-color-4-background-color has-background is-layout-flex wp-container-core-columns-is-layout-d2da2050 wp-block-columns-is-layout-flex\" style=\"margin-bottom:0\">\n<div class=\"wp-block-column has-ast-global-color-0-background-color has-text-color has-background has-link-color wp-elements-5feea47c402eab1b5381a9520f6e6e0f is-layout-flow wp-block-column-is-layout-flow\" style=\"color:#000000;padding-top:2em;padding-right:2em;padding-bottom:2em;padding-left:2em\">\n<div class=\"wp-block-uagb-advanced-heading uagb-block-36fbd062\"><h3 class=\"uagb-heading-text\">Le guide du r\u00e9seau agglobus du Grand Gu\u00e9ret &#8211; TAD vers Ajain<\/h3><\/div>\n\n\n\n<hr class=\"wp-block-separator has-css-opacity is-style-wide\"\/>\n\n\n\n<div class=\"wp-block-file aligncenter\"><a href=\"https:\/\/ehpadcentrecreusecombraille.fr\/ehpad-les-signolles\/wp-content\/uploads\/sites\/2\/2025\/09\/guide-pratique-2024_dec-web.pdf\" class=\"wp-block-file__button wp-element-button\" download>T\u00e9l\u00e9charger le document<\/a><\/div>\n<\/div>\n\n\n\n<div class=\"wp-block-column has-ast-global-color-0-background-color has-text-color has-background has-link-color wp-elements-1081ba368423ae8cb07d04efc5ac8cb3 is-layout-flow wp-block-column-is-layout-flow\" style=\"color:#000000;padding-top:2em;padding-right:2em;padding-bottom:2em;padding-left:2em\">\n<div class=\"wp-block-uagb-advanced-heading uagb-block-4138c13a\"><h3 class=\"uagb-heading-text\">Car r\u00e9gional vers Ajain- ligne 254<\/h3><\/div>\n\n\n\n<hr class=\"wp-block-separator has-css-opacity is-style-wide\"\/>\n\n\n\n<div class=\"wp-block-file aligncenter\"><a href=\"https:\/\/ehpadcentrecreusecombraille.fr\/ehpad-les-signolles\/wp-content\/uploads\/sites\/2\/2025\/09\/NOUVEAU-Fiche-horaire-Cars-regionaux-Montlucon-Gueret.pdf\" class=\"wp-block-file__button wp-element-button\" download>T\u00e9l\u00e9charger le document<\/a><\/div>\n<\/div>\n<\/div>\n\n\n\n<div class=\"wp-block-columns alignwide has-ast-global-color-5-background-color has-background is-layout-flex wp-container-core-columns-is-layout-d2da2050 wp-block-columns-is-layout-flex\" style=\"margin-bottom:0\">\n<div class=\"wp-block-column has-ast-global-color-4-background-color has-text-color has-background has-link-color wp-elements-95d6131cfc3db4673d38c4b8cba41cde is-layout-flow wp-block-column-is-layout-flow\" style=\"color:#000000;padding-top:2em;padding-right:2em;padding-bottom:2em;padding-left:2em\">\n<div class=\"wp-block-uagb-advanced-heading uagb-block-67d1c3a8\"><h3 class=\"uagb-heading-text\">Transport d&rsquo;Utilit\u00e9 Sociale 23 (TUS23)<\/h3><\/div>\n\n\n\n<hr class=\"wp-block-separator has-text-color has-css-opacity has-background is-style-wide\" style=\"background-color:#000000;color:#000000\"\/>\n\n\n\n<p>Tarif : 0.30 \u20ac par km<\/p>\n\n\n\n<p>05 55 63 93 20<\/p>\n\n\n\n<div class=\"wp-block-file\"><a href=\"https:\/\/ehpadcentrecreusecombraille.fr\/espace-pro\/wp-content\/uploads\/sites\/6\/2025\/09\/TUS-23.pdf\" class=\"wp-block-file__button wp-element-button\" download>T\u00e9l\u00e9charger le document<\/a><\/div>\n<\/div>\n\n\n\n<div class=\"wp-block-column has-ast-global-color-4-background-color has-text-color has-background has-link-color wp-elements-f40e1c84eba13fe5fb47763fd0744dcc is-layout-flow wp-block-column-is-layout-flow\" style=\"color:#000000;padding-top:2em;padding-right:2em;padding-bottom:2em;padding-left:2em\">\n<div class=\"wp-block-uagb-advanced-heading uagb-block-fd2e0f88\"><h3 class=\"uagb-heading-text\">Conditions d\u2019acc\u00e8s au service du TUS 23<\/h3><\/div>\n\n\n\n<ul class=\"wp-block-list\">\n<li>B\u00e9n\u00e9ficiaire de l\u2019assurance veuvage<\/li>\n\n\n\n<li>de l\u2019allocation demandeur d\u2019asile<\/li>\n\n\n\n<li>de l\u2019allocation adulte handicap\u00e9<\/li>\n\n\n\n<li>de l\u2019ASS,<\/li>\n\n\n\n<li>du RSA<\/li>\n\n\n\n<li>d\u2019un Contrat Engagement Jeune<\/li>\n\n\n\n<li>de l\u2019allocation suppl\u00e9mentaire d\u2019invalidit\u00e9<\/li>\n\n\n\n<li>de la compl\u00e9mentaire sant\u00e9 solidiaire (ex CMU)<\/li>\n\n\n\n<li>de l\u2019allocation de solidarit\u00e9 aux personnes \u00e2g\u00e9es.<\/li>\n\n\n\n<li>sur condition de niveau de ressources<\/li>\n\n\n\n<li>Ou en fonction de votre commune de r\u00e9sidence<\/li>\n<\/ul>\n<\/div>\n<\/div>\n","protected":false},"excerpt":{"rendered":"<p>Acc\u00e8s &amp; transports QUELQUES INFORMATIONS POUR VOUS AIDER Pour vous aider \u00e0 nous rendre visite ou \u00e0 accompagner vos proches, [&hellip;]<\/p>\n","protected":false},"author":2,"featured_media":0,"parent":0,"menu_order":0,"comment_status":"closed","ping_status":"closed","template":"","meta":{"_uag_custom_page_level_css":"","site-sidebar-layout":"no-sidebar","site-content-layout":"page-builder","ast-site-content-layout":"full-width-container","site-content-style":"unboxed","site-sidebar-style":"unboxed","ast-global-header-display":"","ast-banner-title-visibility":"","ast-main-header-display":"","ast-hfb-above-header-display":"","ast-hfb-below-header-display":"","ast-hfb-mobile-header-display":"","site-post-title":"disabled","ast-breadcrumbs-content":"","ast-featured-img":"disabled","footer-sml-layout":"","ast-disable-related-posts":"","theme-transparent-header-meta":"enabled","adv-header-id-meta":"","stick-header-meta":"","header-above-stick-meta":"","header-main-stick-meta":"","header-below-stick-meta":"","astra-migrate-meta-layouts":"set","ast-page-background-enabled":"default","ast-page-background-meta":{"desktop":{"background-color":"var(--ast-global-color-4)","background-image":"","background-repeat":"repeat","background-position":"center center","background-size":"auto","background-attachment":"scroll","background-type":"","background-media":"","overlay-type":"","overlay-color":"","overlay-opacity":"","overlay-gradient":""},"tablet":{"background-color":"","background-image":"","background-repeat":"repeat","background-position":"center center","background-size":"auto","background-attachment":"scroll","background-type":"","background-media":"","overlay-type":"","overlay-color":"","overlay-opacity":"","overlay-gradient":""},"mobile":{"background-color":"","background-image":"","background-repeat":"repeat","background-position":"center center","background-size":"auto","background-attachment":"scroll","background-type":"","background-media":"","overlay-type":"","overlay-color":"","overlay-opacity":"","overlay-gradient":""}},"ast-content-background-meta":{"desktop":{"background-color":"var(--ast-global-color-5)","background-image":"","background-repeat":"repeat","background-position":"center center","background-size":"auto","background-attachment":"scroll","background-type":"","background-media":"","overlay-type":"","overlay-color":"","overlay-opacity":"","overlay-gradient":""},"tablet":{"background-color":"var(--ast-global-color-5)","background-image":"","background-repeat":"repeat","background-position":"center center","background-size":"auto","background-attachment":"scroll","background-type":"","background-media":"","overlay-type":"","overlay-color":"","overlay-opacity":"","overlay-gradient":""},"mobile":{"background-color":"var(--ast-global-color-5)","background-image":"","background-repeat":"repeat","background-position":"center center","background-size":"auto","background-attachment":"scroll","background-type":"","background-media":"","overlay-type":"","overlay-color":"","overlay-opacity":"","overlay-gradient":""}},"footnotes":""},"class_list":["post-4395","page","type-page","status-publish","hentry"],"uagb_featured_image_src":{"full":false,"thumbnail":false,"medium":false,"medium_large":false,"large":false,"1536x1536":false,"2048x2048":false},"uagb_author_info":{"display_name":"azoure","author_link":"https:\/\/ehpadcentrecreusecombraille.fr\/ehpad-les-signolles\/author\/azoure\/"},"uagb_comment_info":0,"uagb_excerpt":"Acc\u00e8s &amp; transports QUELQUES INFORMATIONS POUR VOUS AIDER Pour vous aider \u00e0 nous rendre visite ou \u00e0 accompagner vos proches, [&hellip;]","_links":{"self":[{"href":"https:\/\/ehpadcentrecreusecombraille.fr\/ehpad-les-signolles\/wp-json\/wp\/v2\/pages\/4395","targetHints":{"allow":["GET"]}}],"collection":[{"href":"https:\/\/ehpadcentrecreusecombraille.fr\/ehpad-les-signolles\/wp-json\/wp\/v2\/pages"}],"about":[{"href":"https:\/\/ehpadcentrecreusecombraille.fr\/ehpad-les-signolles\/wp-json\/wp\/v2\/types\/page"}],"author":[{"embeddable":true,"href":"https:\/\/ehpadcentrecreusecombraille.fr\/ehpad-les-signolles\/wp-json\/wp\/v2\/users\/2"}],"replies":[{"embeddable":true,"href":"https:\/\/ehpadcentrecreusecombraille.fr\/ehpad-les-signolles\/wp-json\/wp\/v2\/comments?post=4395"}],"version-history":[{"count":3,"href":"https:\/\/ehpadcentrecreusecombraille.fr\/ehpad-les-signolles\/wp-json\/wp\/v2\/pages\/4395\/revisions"}],"predecessor-version":[{"id":4509,"href":"https:\/\/ehpadcentrecreusecombraille.fr\/ehpad-les-signolles\/wp-json\/wp\/v2\/pages\/4395\/revisions\/4509"}],"wp:attachment":[{"href":"https:\/\/ehpadcentrecreusecombraille.fr\/ehpad-les-signolles\/wp-json\/wp\/v2\/media?parent=4395"}],"curies":[{"name":"wp","href":"https:\/\/api.w.org\/{rel}","templated":true}]}}

Accès &amp; transports

<div class="wp-block-uagb-container uagb-block-3ad17e27 alignfull uagb-is-root-container"><div class="uagb-container-inner-blocks-wrap">
<div style="height:50px" aria-hidden="true" class="wp-block-spacer"></div>



<div class="wp-block-uagb-advanced-heading uagb-block-8a1eebc0"><h1 class="uagb-heading-text">Accès &amp; transports</h1></div>
</div></div>



<div class="wp-block-group has-ast-global-color-1-background-color has-background is-layout-constrained wp-block-group-is-layout-constrained">
<div class="wp-block-columns has-ast-global-color-4-color has-ast-global-color-1-background-color has-text-color has-background has-link-color wp-elements-4dfac3e8a881011b2917e36a49e43bc3 is-layout-flex wp-container-core-columns-is-layout-28f84493 wp-block-columns-is-layout-flex">
<div class="wp-block-column is-layout-flow wp-block-column-is-layout-flow">
<div class="wp-block-uagb-advanced-heading uagb-block-2807deaf"><h2 class="uagb-heading-text">QUELQUES INFORMATIONS POUR VOUS AIDER</h2></div>



<p class="has-text-align-center has-ast-global-color-4-color has-text-color has-link-color wp-elements-8ea65a7c744b384cf4b6af89c57b5456">Pour vous aider à nous rendre visite ou à accompagner vos proches, nous mettons à votre disposition des informations pratiques sur les transports en commun et les services de mobilité disponibles dans la région.</p>
</div>
</div>
</div>



<div class="wp-block-columns alignwide has-ast-global-color-4-background-color has-background is-layout-flex wp-container-core-columns-is-layout-d2da2050 wp-block-columns-is-layout-flex" style="margin-bottom:0">
<div class="wp-block-column has-ast-global-color-0-background-color has-text-color has-background has-link-color wp-elements-5feea47c402eab1b5381a9520f6e6e0f is-layout-flow wp-block-column-is-layout-flow" style="color:#000000;padding-top:2em;padding-right:2em;padding-bottom:2em;padding-left:2em">
<div class="wp-block-uagb-advanced-heading uagb-block-36fbd062"><h3 class="uagb-heading-text">Le guide du réseau agglobus du Grand Guéret &#8211; TAD vers Ajain</h3></div>



<hr class="wp-block-separator has-css-opacity is-style-wide"/>



<div class="wp-block-file aligncenter"><a href="https://ehpadcentrecreusecombraille.fr/ehpad-les-signolles/wp-content/uploads/sites/2/2025/09/guide-pratique-2024_dec-web.pdf" class="wp-block-file__button wp-element-button" download>Télécharger le document</a></div>
</div>



<div class="wp-block-column has-ast-global-color-0-background-color has-text-color has-background has-link-color wp-elements-1081ba368423ae8cb07d04efc5ac8cb3 is-layout-flow wp-block-column-is-layout-flow" style="color:#000000;padding-top:2em;padding-right:2em;padding-bottom:2em;padding-left:2em">
<div class="wp-block-uagb-advanced-heading uagb-block-4138c13a"><h3 class="uagb-heading-text">Car régional vers Ajain- ligne 254</h3></div>



<hr class="wp-block-separator has-css-opacity is-style-wide"/>



<div class="wp-block-file aligncenter"><a href="https://ehpadcentrecreusecombraille.fr/ehpad-les-signolles/wp-content/uploads/sites/2/2025/09/NOUVEAU-Fiche-horaire-Cars-regionaux-Montlucon-Gueret.pdf" class="wp-block-file__button wp-element-button" download>Télécharger le document</a></div>
</div>
</div>



<div class="wp-block-columns alignwide has-ast-global-color-5-background-color has-background is-layout-flex wp-container-core-columns-is-layout-d2da2050 wp-block-columns-is-layout-flex" style="margin-bottom:0">
<div class="wp-block-column has-ast-global-color-4-background-color has-text-color has-background has-link-color wp-elements-95d6131cfc3db4673d38c4b8cba41cde is-layout-flow wp-block-column-is-layout-flow" style="color:#000000;padding-top:2em;padding-right:2em;padding-bottom:2em;padding-left:2em">
<div class="wp-block-uagb-advanced-heading uagb-block-67d1c3a8"><h3 class="uagb-heading-text">Transport d&rsquo;Utilité Sociale 23 (TUS23)</h3></div>



<hr class="wp-block-separator has-text-color has-css-opacity has-background is-style-wide" style="background-color:#000000;color:#000000"/>



<p>Tarif : 0.30 € par km</p>



<p>05 55 63 93 20</p>



<div class="wp-block-file"><a href="https://ehpadcentrecreusecombraille.fr/espace-pro/wp-content/uploads/sites/6/2025/09/TUS-23.pdf" class="wp-block-file__button wp-element-button" download>Télécharger le document</a></div>
</div>



<div class="wp-block-column has-ast-global-color-4-background-color has-text-color has-background has-link-color wp-elements-f40e1c84eba13fe5fb47763fd0744dcc is-layout-flow wp-block-column-is-layout-flow" style="color:#000000;padding-top:2em;padding-right:2em;padding-bottom:2em;padding-left:2em">
<div class="wp-block-uagb-advanced-heading uagb-block-fd2e0f88"><h3 class="uagb-heading-text">Conditions d’accès au service du TUS 23</h3></div>



<ul class="wp-block-list">
<li>Bénéficiaire de l’assurance veuvage</li>



<li>de l’allocation demandeur d’asile</li>



<li>de l’allocation adulte handicapé</li>



<li>de l’ASS,</li>



<li>du RSA</li>



<li>d’un Contrat Engagement Jeune</li>



<li>de l’allocation supplémentaire d’invalidité</li>



<li>de la complémentaire santé solidiaire (ex CMU)</li>



<li>de l’allocation de solidarité aux personnes âgées.</li>



<li>sur condition de niveau de ressources</li>



<li>Ou en fonction de votre commune de résidence</li>
</ul>
</div>
</div>

<p>Accès &amp; transports QUELQUES INFORMATIONS POUR VOUS AIDER Pour vous aider à nous rendre visite ou à accompagner vos proches, [&hellip;]</p>

Accès &amp; transports QUELQUES INFORMATIONS POUR VOUS AIDER Pour vous aider à nous rendre visite ou à accompagner vos proches, [&hellip;]
