{"id":2373,"date":"2024-01-26T15:53:35","date_gmt":"2024-01-26T14:53:35","guid":{"rendered":"https:\/\/ehpadcentrecreusecombraille.fr\/ehpad-eugene-romaine\/?page_id=2373"},"modified":"2025-09-23T14:24:59","modified_gmt":"2025-09-23T12:24:59","slug":"mentions-legales","status":"publish","type":"page","link":"https:\/\/ehpadcentrecreusecombraille.fr\/ehpad-eugene-romaine\/mentions-legales\/","title":{"rendered":"Mentions l\u00e9gales"},"content":{"rendered":"\n<div class=\"wp-block-uagb-container uagb-block-93b94c88 alignfull uagb-is-root-container\"><div class=\"uagb-container-inner-blocks-wrap\">\n<div style=\"height:50px\" aria-hidden=\"true\" class=\"wp-block-spacer\"><\/div>\n\n\n\n<div class=\"wp-block-uagb-advanced-heading uagb-block-392a41cb\"><h1 class=\"uagb-heading-text\">Mentions l\u00e9gales<\/h1><\/div>\n<\/div><\/div>\n\n\n\n<div class=\"wp-block-group is-layout-constrained wp-block-group-is-layout-constrained\">\n<div class=\"wp-block-uagb-advanced-heading uagb-block-12bb5edc\"><h2 class=\"uagb-heading-text\">EHPAD Eug\u00e8ne Romaine<\/h2><\/div>\n\n\n\n<p>1 Impasse de Tro\u00e8nes &#8211; 23600 Boussac <br><strong>Contact : <\/strong>05 55 65 02 43<br><strong>Fax : <\/strong>05 55 65 86 60<br><strong>SIREN :<\/strong> 262303126<br><strong><strong>Num\u00e9ro SIRET :<\/strong> <\/strong>262 303 126 000 11<\/p>\n\n\n\n<div class=\"wp-block-uagb-advanced-heading uagb-block-a558542e\"><h2 class=\"uagb-heading-text\">Autorit\u00e9s d\u2019autorisation\/de contr\u00f4le\/financement de l\u2019\u00e9tablissement<\/h2><\/div>\n\n\n\n<div class=\"wp-block-columns alignwide is-layout-flex wp-container-core-columns-is-layout-d2da2050 wp-block-columns-is-layout-flex\" style=\"margin-bottom:0\">\n<div class=\"wp-block-column has-ast-global-color-7-background-color has-text-color has-background has-link-color wp-elements-55a854a418af35f86dddbddef4046e3d is-layout-flow wp-block-column-is-layout-flow\" style=\"color:#000000;padding-top:2em;padding-right:2em;padding-bottom:2em;padding-left:2em\">\n<p class=\"has-normal-font-size\" style=\"line-height:1.5\"><strong>Agence R\u00e9gionale de Sant\u00e9 Nouvelle-Aquitaine<\/strong><br>103 bis rue Belleville \u2013 CS 91704 \u2013 33063 Bordeaux Cedex<br><strong>Standard<\/strong>&nbsp;: 09 69 37 00 33<br><strong>Courriel<\/strong>&nbsp;:&nbsp;<a href=\"m&#97;&#105;&#x6c;&#x74;o&#58;&#97;&#x72;&#x73;&#x2d;n&#97;&#45;&#x63;&#x6f;nt&#97;&#x63;&#x74;&#x40;a&#114;&#115;&#x2e;&#x73;an&#116;&#x65;&#x2e;&#x66;r?subject=ARS%20Nouvelle-Aquitaine%20-%20Contacts\">&#x61;r&#x73;-&#x6e;&#97;&#x2d;&#99;o&#x6e;t&#x61;&#99;&#x74;&#64;&#x61;&#114;s&#x2e;s&#x61;&#110;&#x74;&#101;&#x2e;&#x66;r<\/a><br><strong>Site internet<\/strong>&nbsp;:&nbsp;<a href=\"http:\/\/www.ars.nouvelle-aquitaine.fr\/\" target=\"_blank\" rel=\"noreferrer noopener\">www.nouvelle-aquitaine.ars.sante.fr<\/a><\/p>\n<\/div>\n\n\n\n<div class=\"wp-block-column has-ast-global-color-7-background-color has-text-color has-background has-link-color wp-elements-f1252899a5d829418d1c136b8fa45971 is-layout-flow wp-block-column-is-layout-flow\" style=\"color:#000000;padding-top:2em;padding-right:2em;padding-bottom:2em;padding-left:2em\">\n<p class=\"has-normal-font-size\" style=\"line-height:1.5\"><strong>Conseil D\u00e9partemental de la Creuse<\/strong><br><a href=\"https:\/\/www.bing.com\/ck\/a?!&amp;&amp;p=2ee62712653706561c0f9405ef2f3b82b0b2cc8ccba309352e13ed523a943e76JmltdHM9MTc1NzAzMDQwMA&amp;ptn=3&amp;ver=2&amp;hsh=4&amp;fclid=28544b9d-103d-6fd7-2626-5e4a11896ece&amp;u=a1L21hcHM_Jm1lcGk9MTA5fn5Ub3BPZlBhZ2V-QWRkcmVzc19MaW5rJnR5PTE4JnE9Q29uc2VpbCUyMEQlQzMlQTlwYXJ0ZW1lbnRhbCUyMGRlJTIwbGElMjBDcmV1c2Umc3M9eXBpZC5ZTjIwMDB4OTg3MTA4MDU5MDQ1NjUzOTEzNyZwcG9pcz00Ni4xNjg4OTk1MzYxMzI4MV8xLjg2ODM5OTk3NzY4NDAyMV9Db25zZWlsJTIwRCVDMyVBOXBhcnRlbWVudGFsJTIwZGUlMjBsYSUyMENyZXVzZV9ZTjIwMDB4OTg3MTA4MDU5MDQ1NjUzOTEzN34mY3A9NDYuMTY4OX4xLjg2ODQmdj0yJnNWPTEmRk9STT1NUFNSUEw&amp;ntb=1\" target=\"_blank\" rel=\"noreferrer noopener\">H\u00f4tel du D\u00e9partement<\/a><br><a href=\"https:\/\/www.bing.com\/ck\/a?!&amp;&amp;p=2ee62712653706561c0f9405ef2f3b82b0b2cc8ccba309352e13ed523a943e76JmltdHM9MTc1NzAzMDQwMA&amp;ptn=3&amp;ver=2&amp;hsh=4&amp;fclid=28544b9d-103d-6fd7-2626-5e4a11896ece&amp;u=a1L21hcHM_Jm1lcGk9MTA5fn5Ub3BPZlBhZ2V-QWRkcmVzc19MaW5rJnR5PTE4JnE9Q29uc2VpbCUyMEQlQzMlQTlwYXJ0ZW1lbnRhbCUyMGRlJTIwbGElMjBDcmV1c2Umc3M9eXBpZC5ZTjIwMDB4OTg3MTA4MDU5MDQ1NjUzOTEzNyZwcG9pcz00Ni4xNjg4OTk1MzYxMzI4MV8xLjg2ODM5OTk3NzY4NDAyMV9Db25zZWlsJTIwRCVDMyVBOXBhcnRlbWVudGFsJTIwZGUlMjBsYSUyMENyZXVzZV9ZTjIwMDB4OTg3MTA4MDU5MDQ1NjUzOTEzN34mY3A9NDYuMTY4OX4xLjg2ODQmdj0yJnNWPTEmRk9STT1NUFNSUEw&amp;ntb=1\" target=\"_blank\" rel=\"noreferrer noopener\">4 pl Louis Lacrocq, 23000 Gu\u00e9ret<\/a><br>Standard : <a href=\"tel:0544302323\">05 44 30 23 23<\/a><br><strong>Site internet<\/strong>&nbsp;:&nbsp;<a href=\"http:\/\/www.creuse.fr\">www.creuse.fr<\/a><\/p>\n<\/div>\n<\/div>\n\n\n\n<div class=\"wp-block-uagb-advanced-heading uagb-block-a9ffed40\"><h2 class=\"uagb-heading-text\">Avis de situation Insee<\/h2><\/div>\n\n\n\n<div class=\"wp-block-file\"><a id=\"wp-block-file--media-b60b5b87-14e6-4457-bb75-916595464d3c\" href=\"https:\/\/ehpadcentrecreusecombraille.fr\/ehpad-eugene-romaine\/wp-content\/uploads\/sites\/3\/2025\/08\/EHPAD-B_Avis-de-situation-Insee.pdf\" target=\"_blank\" rel=\"noreferrer noopener\"><strong>Avis de situation Insee<\/strong><\/a><a href=\"https:\/\/ehpadcentrecreusecombraille.fr\/ehpad-eugene-romaine\/wp-content\/uploads\/sites\/3\/2025\/08\/EHPAD-B_Avis-de-situation-Insee.pdf\" class=\"wp-block-file__button wp-element-button\" download aria-describedby=\"wp-block-file--media-b60b5b87-14e6-4457-bb75-916595464d3c\">T\u00e9l\u00e9charger<\/a><\/div>\n\n\n\n<div class=\"wp-block-uagb-advanced-heading uagb-block-4f043250\"><h2 class=\"uagb-heading-text\">Responsable de publication<\/h2><\/div>\n\n\n\n<p><strong>Fr\u00e9d\u00e9ric DESCHAMP<\/strong><\/p>\n\n\n\n<div class=\"wp-block-uagb-advanced-heading uagb-block-4e9e280a\"><h2 class=\"uagb-heading-text\">Coordonn\u00e9es de l\u2019\u00e9diteur<\/h2><\/div>\n\n\n\n<p>1 Impasse de Tro\u00e8nes <br>23600 Boussac <\/p>\n\n\n\n<div class=\"wp-block-uagb-advanced-heading uagb-block-05e89fff\"><h2 class=\"uagb-heading-text\">H\u00e9bergement<\/h2><\/div>\n\n\n\n<p><strong>o2switch<\/strong><br>Siret : 510 909 807 00032<br>RCS Clermont Ferrand<br>SAS au capital de 100 000\u20ac<br>Op\u00e9rateur T\u00e9l\u00e9com d\u00e9clar\u00e9 ARCEP<br>09\/2989 \u2013 AS50474<\/p>\n\n\n\n<div class=\"wp-block-uagb-advanced-heading uagb-block-d7ee9cd2\"><h2 class=\"uagb-heading-text\">Site internet sur mesure cr\u00e9\u00e9, mis \u00e0 jour par<\/h2><\/div>\n\n\n\n<p>Le Maillon \/ <a href=\"https:\/\/lemaillondigital.com\" target=\"_blank\" rel=\"noreferrer noopener\">lemaillondigital.com<\/a><\/p>\n\n\n\n<div class=\"wp-block-uagb-advanced-heading uagb-block-20eabad8\"><h2 class=\"uagb-heading-text\">Propri\u00e9t\u00e9<\/h2><\/div>\n\n\n\n<p>La structure g\u00e9n\u00e9rale, ainsi que les textes, images anim\u00e9es ou fixes, sons, dessins, graphismes et tous autres \u00e9l\u00e9ments composant le site sont de l\u2019utilisation exclusive de l\u2019\u00e9diteur. Toute repr\u00e9sentation totale ou partielle de ce site, par quelques proc\u00e9d\u00e9s que ce soient, sans autorisation expresse de l\u2019\u00e9diteur, est interdite et constituerait une contrefa\u00e7on sanctionn\u00e9e par les articles L335-2 et suivants du Code de la propri\u00e9t\u00e9 intellectuelle. Les liens hypertextes mis en place dans le cadre du pr\u00e9sent site internet en direction d\u2019autres ressources pr\u00e9sentes sur le r\u00e9seau internet, ne sauraient engager la responsabilit\u00e9 de l\u2019\u00e9diteur.<\/p>\n\n\n\n<div class=\"wp-block-uagb-advanced-heading uagb-block-c67e0aec\"><h2 class=\"uagb-heading-text\">Loi applicable<\/h2><\/div>\n\n\n\n<p>L\u2019usage de ce site web est r\u00e9gi par la loi fran\u00e7aise \u00e0 l\u2019exception de toute autre l\u00e9gislation.<\/p>\n<\/div>\n","protected":false},"excerpt":{"rendered":"<p>Mentions l\u00e9gales EHPAD Eug\u00e8ne Romaine 1 Impasse de Tro\u00e8nes &#8211; 23600 Boussac Contact : 05 55 65 02 43Fax : [&hellip;]<\/p>\n","protected":false},"author":1,"featured_media":0,"parent":0,"menu_order":0,"comment_status":"closed","ping_status":"closed","template":"","meta":{"_uag_custom_page_level_css":"","site-sidebar-layout":"no-sidebar","site-content-layout":"page-builder","ast-site-content-layout":"full-width-container","site-content-style":"unboxed","site-sidebar-style":"unboxed","ast-global-header-display":"","ast-banner-title-visibility":"","ast-main-header-display":"","ast-hfb-above-header-display":"","ast-hfb-below-header-display":"","ast-hfb-mobile-header-display":"","site-post-title":"disabled","ast-breadcrumbs-content":"","ast-featured-img":"disabled","footer-sml-layout":"","ast-disable-related-posts":"","theme-transparent-header-meta":"enabled","adv-header-id-meta":"","stick-header-meta":"","header-above-stick-meta":"","header-main-stick-meta":"","header-below-stick-meta":"","astra-migrate-meta-layouts":"set","ast-page-background-enabled":"default","ast-page-background-meta":{"desktop":{"background-color":"var(--ast-global-color-4)","background-image":"","background-repeat":"repeat","background-position":"center center","background-size":"auto","background-attachment":"scroll","background-type":"","background-media":"","overlay-type":"","overlay-color":"","overlay-opacity":"","overlay-gradient":""},"tablet":{"background-color":"","background-image":"","background-repeat":"repeat","background-position":"center center","background-size":"auto","background-attachment":"scroll","background-type":"","background-media":"","overlay-type":"","overlay-color":"","overlay-opacity":"","overlay-gradient":""},"mobile":{"background-color":"","background-image":"","background-repeat":"repeat","background-position":"center center","background-size":"auto","background-attachment":"scroll","background-type":"","background-media":"","overlay-type":"","overlay-color":"","overlay-opacity":"","overlay-gradient":""}},"ast-content-background-meta":{"desktop":{"background-color":"var(--ast-global-color-5)","background-image":"","background-repeat":"repeat","background-position":"center center","background-size":"auto","background-attachment":"scroll","background-type":"","background-media":"","overlay-type":"","overlay-color":"","overlay-opacity":"","overlay-gradient":""},"tablet":{"background-color":"var(--ast-global-color-5)","background-image":"","background-repeat":"repeat","background-position":"center center","background-size":"auto","background-attachment":"scroll","background-type":"","background-media":"","overlay-type":"","overlay-color":"","overlay-opacity":"","overlay-gradient":""},"mobile":{"background-color":"var(--ast-global-color-5)","background-image":"","background-repeat":"repeat","background-position":"center center","background-size":"auto","background-attachment":"scroll","background-type":"","background-media":"","overlay-type":"","overlay-color":"","overlay-opacity":"","overlay-gradient":""}},"footnotes":""},"class_list":["post-2373","page","type-page","status-publish","hentry"],"uagb_featured_image_src":{"full":false,"thumbnail":false,"medium":false,"medium_large":false,"large":false,"1536x1536":false,"2048x2048":false},"uagb_author_info":{"display_name":"Le Maillon","author_link":"https:\/\/ehpadcentrecreusecombraille.fr\/ehpad-eugene-romaine\/author\/le-maillon\/"},"uagb_comment_info":0,"uagb_excerpt":"Mentions l\u00e9gales EHPAD Eug\u00e8ne Romaine 1 Impasse de Tro\u00e8nes &#8211; 23600 Boussac Contact : 05 55 65 02 43Fax : [&hellip;]","_links":{"self":[{"href":"https:\/\/ehpadcentrecreusecombraille.fr\/ehpad-eugene-romaine\/wp-json\/wp\/v2\/pages\/2373","targetHints":{"allow":["GET"]}}],"collection":[{"href":"https:\/\/ehpadcentrecreusecombraille.fr\/ehpad-eugene-romaine\/wp-json\/wp\/v2\/pages"}],"about":[{"href":"https:\/\/ehpadcentrecreusecombraille.fr\/ehpad-eugene-romaine\/wp-json\/wp\/v2\/types\/page"}],"author":[{"embeddable":true,"href":"https:\/\/ehpadcentrecreusecombraille.fr\/ehpad-eugene-romaine\/wp-json\/wp\/v2\/users\/1"}],"replies":[{"embeddable":true,"href":"https:\/\/ehpadcentrecreusecombraille.fr\/ehpad-eugene-romaine\/wp-json\/wp\/v2\/comments?post=2373"}],"version-history":[{"count":5,"href":"https:\/\/ehpadcentrecreusecombraille.fr\/ehpad-eugene-romaine\/wp-json\/wp\/v2\/pages\/2373\/revisions"}],"predecessor-version":[{"id":3124,"href":"https:\/\/ehpadcentrecreusecombraille.fr\/ehpad-eugene-romaine\/wp-json\/wp\/v2\/pages\/2373\/revisions\/3124"}],"wp:attachment":[{"href":"https:\/\/ehpadcentrecreusecombraille.fr\/ehpad-eugene-romaine\/wp-json\/wp\/v2\/media?parent=2373"}],"curies":[{"name":"wp","href":"https:\/\/api.w.org\/{rel}","templated":true}]}}